{"id":197,"date":"2019-10-18T13:05:35","date_gmt":"2019-10-18T11:05:35","guid":{"rendered":"http:\/\/airlinescompany.be\/?page_id=197"},"modified":"2023-10-07T09:49:04","modified_gmt":"2023-10-07T07:49:04","slug":"rules-2","status":"publish","type":"page","link":"https:\/\/airlinescompany.be\/index.php\/rules-2\/","title":{"rendered":"Flight Instruction N\u00b02"},"content":{"rendered":"<ul>\n<li>Pour acc\u00e9der \u00e0 l&#8217;une de nos soir\u00e9es, il est imp\u00e9ratif de recevoir une confirmation par e-mail, accompagn\u00e9e d&#8217;un passeport portant la mention <strong>&#8220;CONFIRMED&#8221;.<\/strong><\/li>\n<li>Nous tenons \u00e0 rappeler que l&#8217;inscription <strong>constitue votre droit d&#8217;\u00eatre membre<\/strong> ! Vos photos et votre profil joueront un r\u00f4le d\u00e9cisif dans notre processus d&#8217;acceptation au sein de la compagnie.<\/li>\n<li>N&#8217;oubliez pas de mentionner <strong>les informations pour Madame ainsi que pour Monsieur.<\/strong><\/li>\n<li>Le parrainage rev\u00eat une importance particuli\u00e8re, car <strong>les membres qui vous recommandent se portent garants de votre personnalit\u00e9<\/strong>, qui devrait correspondre aux valeurs de la compagnie.<\/li>\n<li>Par la suite, <strong>vous recevrez toutes les informations n\u00e9cessaires<\/strong> par <strong>e-mail et via WhatsApp<\/strong> pour r\u00e9server votre place. Une fois le paiement effectu\u00e9, vos billets vous seront envoy\u00e9s par e-mail, vous assurant ainsi l&#8217;embarquement lors du prochain \u00e9v\u00e9nement. <strong>Vous pourrez alors commencer \u00e0 pr\u00e9parer vos valises !<\/strong><\/li>\n<\/ul>\n","protected":false},"excerpt":{"rendered":"<p>Pour acc\u00e9der \u00e0 l&#8217;une de nos soir\u00e9es, il est imp\u00e9ratif de recevoir une confirmation par e-mail, accompagn\u00e9e d&#8217;un passeport portant la mention &#8220;CONFIRMED&#8221;. Nous tenons \u00e0 rappeler que l&#8217;inscription constitue votre droit d&#8217;\u00eatre membre ! Vos photos et votre profil joueront un r\u00f4le d\u00e9cisif dans notre processus d&#8217;acceptation au sein de la compagnie. N&#8217;oubliez pas&hellip;<\/p>\n","protected":false},"author":1,"featured_media":0,"parent":0,"menu_order":0,"comment_status":"closed","ping_status":"closed","template":"","meta":{"footnotes":""},"class_list":["post-197","page","type-page","status-publish","hentry"],"yoast_head":"<!-- This site is optimized with the Yoast SEO plugin v24.9 - https:\/\/yoast.com\/wordpress\/plugins\/seo\/ -->\n<title>Flight Instruction N\u00b02 - Airlines Company<\/title>\n<meta name=\"robots\" content=\"index, follow, max-snippet:-1, max-image-preview:large, max-video-preview:-1\" \/>\n<link rel=\"canonical\" href=\"https:\/\/airlinescompany.be\/index.php\/rules-2\/\" \/>\n<meta property=\"og:locale\" content=\"fr_FR\" \/>\n<meta property=\"og:type\" content=\"article\" \/>\n<meta property=\"og:title\" content=\"Flight Instruction N\u00b02 - Airlines Company\" \/>\n<meta property=\"og:description\" content=\"Pour acc\u00e9der \u00e0 l&#8217;une de nos soir\u00e9es, il est imp\u00e9ratif de recevoir une confirmation par e-mail, accompagn\u00e9e d&#8217;un passeport portant la mention &#8220;CONFIRMED&#8221;. Nous tenons \u00e0 rappeler que l&#8217;inscription constitue votre droit d&#8217;\u00eatre membre ! Vos photos et votre profil joueront un r\u00f4le d\u00e9cisif dans notre processus d&#8217;acceptation au sein de la compagnie. N&#8217;oubliez pas&hellip;\" \/>\n<meta property=\"og:url\" content=\"https:\/\/airlinescompany.be\/index.php\/rules-2\/\" \/>\n<meta property=\"og:site_name\" content=\"Airlines Company\" \/>\n<meta property=\"article:modified_time\" content=\"2023-10-07T07:49:04+00:00\" \/>\n<meta name=\"twitter:card\" content=\"summary_large_image\" \/>\n<meta name=\"twitter:label1\" content=\"Dur\u00e9e de lecture estim\u00e9e\" \/>\n\t<meta name=\"twitter:data1\" content=\"1 minute\" \/>\n<script type=\"application\/ld+json\" class=\"yoast-schema-graph\">{\"@context\":\"https:\/\/schema.org\",\"@graph\":[{\"@type\":\"WebPage\",\"@id\":\"https:\/\/airlinescompany.be\/index.php\/rules-2\/\",\"url\":\"https:\/\/airlinescompany.be\/index.php\/rules-2\/\",\"name\":\"Flight Instruction N\u00b02 - Airlines Company\",\"isPartOf\":{\"@id\":\"https:\/\/airlinescompany.be\/#website\"},\"datePublished\":\"2019-10-18T11:05:35+00:00\",\"dateModified\":\"2023-10-07T07:49:04+00:00\",\"breadcrumb\":{\"@id\":\"https:\/\/airlinescompany.be\/index.php\/rules-2\/#breadcrumb\"},\"inLanguage\":\"fr-FR\",\"potentialAction\":[{\"@type\":\"ReadAction\",\"target\":[\"https:\/\/airlinescompany.be\/index.php\/rules-2\/\"]}]},{\"@type\":\"BreadcrumbList\",\"@id\":\"https:\/\/airlinescompany.be\/index.php\/rules-2\/#breadcrumb\",\"itemListElement\":[{\"@type\":\"ListItem\",\"position\":1,\"name\":\"Accueil\",\"item\":\"https:\/\/airlinescompany.be\/\"},{\"@type\":\"ListItem\",\"position\":2,\"name\":\"Flight Instruction N\u00b02\"}]},{\"@type\":\"WebSite\",\"@id\":\"https:\/\/airlinescompany.be\/#website\",\"url\":\"https:\/\/airlinescompany.be\/\",\"name\":\"Airlines Company\",\"description\":\"Ready for takeoff\",\"potentialAction\":[{\"@type\":\"SearchAction\",\"target\":{\"@type\":\"EntryPoint\",\"urlTemplate\":\"https:\/\/airlinescompany.be\/?s={search_term_string}\"},\"query-input\":{\"@type\":\"PropertyValueSpecification\",\"valueRequired\":true,\"valueName\":\"search_term_string\"}}],\"inLanguage\":\"fr-FR\"}]}<\/script>\n<!-- \/ Yoast SEO plugin. -->","yoast_head_json":{"title":"Flight Instruction N\u00b02 - Airlines Company","robots":{"index":"index","follow":"follow","max-snippet":"max-snippet:-1","max-image-preview":"max-image-preview:large","max-video-preview":"max-video-preview:-1"},"canonical":"https:\/\/airlinescompany.be\/index.php\/rules-2\/","og_locale":"fr_FR","og_type":"article","og_title":"Flight Instruction N\u00b02 - Airlines Company","og_description":"Pour acc\u00e9der \u00e0 l&#8217;une de nos soir\u00e9es, il est imp\u00e9ratif de recevoir une confirmation par e-mail, accompagn\u00e9e d&#8217;un passeport portant la mention &#8220;CONFIRMED&#8221;. Nous tenons \u00e0 rappeler que l&#8217;inscription constitue votre droit d&#8217;\u00eatre membre ! Vos photos et votre profil joueront un r\u00f4le d\u00e9cisif dans notre processus d&#8217;acceptation au sein de la compagnie. N&#8217;oubliez pas&hellip;","og_url":"https:\/\/airlinescompany.be\/index.php\/rules-2\/","og_site_name":"Airlines Company","article_modified_time":"2023-10-07T07:49:04+00:00","twitter_card":"summary_large_image","twitter_misc":{"Dur\u00e9e de lecture estim\u00e9e":"1 minute"},"schema":{"@context":"https:\/\/schema.org","@graph":[{"@type":"WebPage","@id":"https:\/\/airlinescompany.be\/index.php\/rules-2\/","url":"https:\/\/airlinescompany.be\/index.php\/rules-2\/","name":"Flight Instruction N\u00b02 - Airlines Company","isPartOf":{"@id":"https:\/\/airlinescompany.be\/#website"},"datePublished":"2019-10-18T11:05:35+00:00","dateModified":"2023-10-07T07:49:04+00:00","breadcrumb":{"@id":"https:\/\/airlinescompany.be\/index.php\/rules-2\/#breadcrumb"},"inLanguage":"fr-FR","potentialAction":[{"@type":"ReadAction","target":["https:\/\/airlinescompany.be\/index.php\/rules-2\/"]}]},{"@type":"BreadcrumbList","@id":"https:\/\/airlinescompany.be\/index.php\/rules-2\/#breadcrumb","itemListElement":[{"@type":"ListItem","position":1,"name":"Accueil","item":"https:\/\/airlinescompany.be\/"},{"@type":"ListItem","position":2,"name":"Flight Instruction N\u00b02"}]},{"@type":"WebSite","@id":"https:\/\/airlinescompany.be\/#website","url":"https:\/\/airlinescompany.be\/","name":"Airlines Company","description":"Ready for takeoff","potentialAction":[{"@type":"SearchAction","target":{"@type":"EntryPoint","urlTemplate":"https:\/\/airlinescompany.be\/?s={search_term_string}"},"query-input":{"@type":"PropertyValueSpecification","valueRequired":true,"valueName":"search_term_string"}}],"inLanguage":"fr-FR"}]}},"_links":{"self":[{"href":"https:\/\/airlinescompany.be\/index.php\/wp-json\/wp\/v2\/pages\/197","targetHints":{"allow":["GET"]}}],"collection":[{"href":"https:\/\/airlinescompany.be\/index.php\/wp-json\/wp\/v2\/pages"}],"about":[{"href":"https:\/\/airlinescompany.be\/index.php\/wp-json\/wp\/v2\/types\/page"}],"author":[{"embeddable":true,"href":"https:\/\/airlinescompany.be\/index.php\/wp-json\/wp\/v2\/users\/1"}],"replies":[{"embeddable":true,"href":"https:\/\/airlinescompany.be\/index.php\/wp-json\/wp\/v2\/comments?post=197"}],"version-history":[{"count":20,"href":"https:\/\/airlinescompany.be\/index.php\/wp-json\/wp\/v2\/pages\/197\/revisions"}],"predecessor-version":[{"id":877,"href":"https:\/\/airlinescompany.be\/index.php\/wp-json\/wp\/v2\/pages\/197\/revisions\/877"}],"wp:attachment":[{"href":"https:\/\/airlinescompany.be\/index.php\/wp-json\/wp\/v2\/media?parent=197"}],"curies":[{"name":"wp","href":"https:\/\/api.w.org\/{rel}","templated":true}]}}